6*w + 114*w - 176 = 0. What is the greatest common divisor of w and 49?
1
Suppose l + 392 = 5*l. Let a(g) = -g**3 + g**2 + 14. Let x = 9 - 9. Let i be a(x). Calculate the greatest common divisor of l and i.
14
Suppose 21 = -5*f + 471. Calculate the greatest common divisor of f and 18.
18
Let p be (2/(-6))/(1/(-12)). Suppose p*g - 512 = 68. What is the highest common divisor of 58 and g?
29
Suppose -5*r - 216 = -23*r. Suppose 40 = 7*j + r. What is the greatest common factor of j and 4?
4
Let v be (-128)/576*(-125 + -1). What is the highest common factor of v and 700?
28
Let f = 43 - -9. What is the greatest common factor of f and 91?
13
Suppose 24*y - 17 = 23*y. Let h = y - 1. Suppose -6*t + 18 = -5*t - 3*j, -5*t = -5*j - 110. What is the greatest common divisor of h and t?
8
Let f be ((-112)/8 + 7)*-3. Calculate the highest common divisor of f and 189.
21
Let j(b) = -b**3 - 26*b**2 - 4*b + 1. Let n be j(-26). What is the greatest common factor of 90 and n?
15
Suppose -4*j + 5*p - 375 = 0, 281 = -2*j + 2*p + 93. Let h = j + 107. Calculate the greatest common divisor of 18 and h.
6
Let n(g) = -2*g - 32. Let s be n(-17). Suppose -38 - 18 = -s*u. Let b be 1 + -1 + (-2 - -9). Calculate the highest common factor of b and u.
7
Let p = 180 + -135. Suppose 2*f - 30 = -3*u, -2*f - 2*f - 4*u = -64. Calculate the greatest common divisor of f and p.
9
Suppose 0 = -2*j - 15*c + 19*c + 86, -3*j + 131 = -4*c. Let n be 3/(1*1/5). Suppose n = a - j. Calculate the greatest common factor of a and 20.
20
Let c = 14 - 10. Let a be 16 + (-1 - (c + -6)). Let m = -14 + a. What is the highest common factor of m and 30?
3
Let u(x) = 3*x**2 - 47*x - 27. Let z be u(18). What is the highest common factor of 54 and z?
9
Suppose -6*y = -2117 - 1291. Calculate the highest common factor of 71 and y.
71
Let l(w) = 103*w + 972. Let n be l(-8). Calculate the highest common factor of 481 and n.
37
Let r(i) = i**3 - 3*i**2 - 17*i + 16. Suppose 4*y = 32 - 8. Let p be r(y). Calculate the greatest common factor of 242 and p.
22
Let b(h) = h + 1. Let u(c) = -12*c + 8. Let d(j) = 8*b(j) + u(j). Let t be d(5). Let k be (-288)/(-15) - t/5. What is the greatest common divisor of 180 and k?
20
Let u be 20/15 + 624/18. Let l be (-225)/(-20) - 3/(-4). What is the greatest common factor of u and l?
12
Let p(a) = -17*a**2 + 668*a - 41. Let w be p(39). Let k(f) = 5*f - 1. Let z be k(3). Calculate the highest common factor of z and w.
14
Let a(b) = -b + 10. Let l be a(-4). Suppose 3*u = y + 3*y + 7, -3*y - l = -4*u. Calculate the greatest common factor of 5 and y.
1
Let u = -45 + 30. Let y(m) = -2*m - 14. Let t be y(u). Calculate the greatest common factor of t and 144.
16
Let b(a) = -a**2 + 3*a - 2. Let d be (30/(-9))/((-4)/6). Let w be b(d). Let y = 10 - w. What is the greatest common factor of y and 55?
11
Let s(t) = -7*t**2 + 3*t - 2. Let n be s(2). Let b = 39 + n. Let z = -12 + b. What is the highest common divisor of z and 6?
3
Let j = -84 - -84. Suppose 68*m - 71*m + 90 = j. Calculate the highest common divisor of 120 and m.
30
Suppose v = 6*v - 10. Suppose -4*c = -i + v*i - 7, -5*c + 3*i = -30. What is the highest common factor of c and 21?
3
Suppose -8*g = -1505 - 2415. Calculate the greatest common divisor of g and 20.
10
Let v(h) = -h**3 + 18*h**2 + 2*h - 131. Let j be v(17). What is the greatest common factor of j and 156?
12
Suppose -2*f + 3*b = 7 - 14, -5*f + 15 = -5*b. Calculate the greatest common factor of f and 68.
2
Let r = 17 - 9. Let q be 27/18*r/2. Calculate the greatest common divisor of q and 18.
6
Let c = 109 - 107. Suppose -t - 2 = 0, 9*h = 4*h - t + 53. What is the highest common divisor of c and h?
1
Suppose 6*l = 2*l + 2356. Suppose -l - 41 = -5*u. Calculate the highest common factor of 14 and u.
14
Let z(g) = -g**3 - 2*g**2 + 1. Let d be z(-1). Suppose 5*y - 14 + 4 = d, 4*y = -2*c + 492. What is the greatest common factor of c and 22?
22
Suppose -2*w - 2*j - 20 = 0, -5*w + 2*j = -w + 40. Let q = w + 13. Suppose 0 = -2*i + q*i - 135. Calculate the highest common divisor of i and 54.
27
Let w = -43 + 45. Let b be w/4 + ((-343)/(-14) - 5). What is the greatest common divisor of b and 50?
10
Let l be (2/(-4))/(2/(-1584)). Let k(i) = i**2 + 107*i + 1914. Let j be k(-22). What is the greatest common divisor of j and l?
44
Suppose -29*q + 8748 + 996 = 0. What is the highest common divisor of q and 21?
21
Suppose 5*k = 2*i - 1 + 431, 2*k + 4*i = 196. Calculate the highest common factor of k and 792.
88
Suppose 0 = 2*i - 95 - 75. Calculate the greatest common divisor of i and 20.
5
Let r(s) = -3*s - 16. Let t be r(-6). Suppose -l = 5*d - 139, 4*l - t*l = -2*d + 62. What is the greatest common divisor of 9 and d?
9
Let u be (3/(-2))/(6/(-1528)). Let p = u - 212. Let v be ((-357)/(-14))/((-6)/(-4)). What is the greatest common factor of v and p?
17
Suppose 40 = -4*x + 120. Suppose g + 50 = 3*g + 3*u, g + 4*u = x. Calculate the highest common factor of 4 and g.
4
Let g(d) = 15*d - 22*d + 2 + 1 - 27. Let a be g(-7). Calculate the greatest common divisor of a and 5.
5
Suppose 3 = a + 1. Suppose 0*n = -a*n + 108. Let k = -23 + 29. Calculate the greatest common factor of k and n.
6
Let x(d) be the first derivative of d**2 + 6*d + 29. Let i be x(7). What is the highest common factor of i and 10?
10
Suppose -5*i + v + 512 = 0, 4*i + v = -0*v + 415. Let c = 213 - i. Let k be (-8)/(-44) + 108/11. What is the greatest common factor of c and k?
10
Let m(q) = -q**3 - 6*q**2 - 7*q - 7. Let x be m(-5). What is the greatest common divisor of 2 and x?
1
Let s be 0 + 1 + (-175)/(7 - 0). Let p be 8/s + (-50)/(-6). Calculate the greatest common divisor of 128 and p.
8
Let y = 16 - 12. Suppose -2*q - 34 = -3*v, 0*q + 28 = 2*v - y*q. Calculate the greatest common divisor of v and 10.
10
Let x be (12*(-6)/(-9))/(8/(-68)). Let j = -58 - x. What is the greatest common divisor of j and 90?
10
Suppose 8*y = 9*y + 2*w - 10, -4*y + 60 = 3*w. Let v = 18 + -12. What is the greatest common divisor of v and y?
6
Let l = -1962 + 2036. What is the highest common divisor of l and 222?
74
Let n = -41 - -43. Suppose -7 - n = -h. Calculate the greatest common divisor of 15 and h.
3
Let a = -8 + 13. Suppose 4*p - p + z = 67, a*p - 3*z = 121. Let h(i) = -i**2 + 15*i - 13. Let r be h(12). What is the highest common factor of p and r?
23
Let u = -359 + 374. What is the greatest common factor of 105 and u?
15
Let x be (-12)/(-15)*(-15)/(-2). Let b(y) = -y**2 + 7*y + 1. Let h be b(x). What is the greatest common divisor of 14 and h?
7
Suppose -29*w + 23 = -151. Let x(y) = -y**3 + 7*y**2 - 6. Let u be x(6). Calculate the greatest common divisor of w and u.
6
Suppose 3*u = 5*s - 12, -s + 5*u - 2 = -0*u. Let q be -3 + (-14)/(s - 5). Suppose 0*t - 144 = -q*t. What is the greatest common divisor of t and 24?
12
Let y be 4/26 + 27008/208. Calculate the highest common divisor of 52 and y.
26
Let g be 3*3 + (-4950)/(-45). Calculate the highest common factor of 51 and g.
17
Let y be (-34)/(-5)*(-2 + 22). Let w(j) = 16*j + 19. Let a be w(3). Let q be (1 + a)*(-11)/(-22). What is the highest common divisor of q and y?
34
Let c be 1/(-3) + 190/(-15) + -7. Let x(u) = -4*u - 76. Let k be x(c). What is the highest common factor of 3 and k?
1
Let y(w) = 5*w - 21. Let o be y(7). Suppose -d + 118 = -o. Calculate the highest common divisor of 12 and d.
12
Let t(x) = x**3 - 14*x**2 + 2*x - 23. Let f be t(14). Let z = -46 - -61. Calculate the highest common factor of z and f.
5
Suppose 219 = 2*z - 3*x, 2*x + 7 = -3. Suppose -k - 3*k = -3*y + z, 4*y - 5*k - 136 = 0. Suppose 61 = 4*s - 143. What is the highest common divisor of y and s?
17
Let t be -4 - (-44 - (-6)/2) - -2. Calculate the highest common factor of 169 and t.
13
Let n be -1 + -7 + (-32)/(-8) + 4. Suppose 3*i + 2*a - 29 - 69 = n, -i - a + 31 = 0. Let j be -3*1*4/(-1). What is the greatest common factor of i and j?
12
Suppose 2*r - 3*l - 22 = 0, -3 + 24 = 5*r + l. Suppose 5*v - 42 = -2*f + v, 0 = r*f + 4*v - 135. Calculate the highest common factor of 124 and f.
31
Let b = 445 + -237. What is the greatest common factor of 26 and b?
26
Let c be (24 - 18) + (-28)/(-2). Let v(k) = 2*k**3 - 4*k**2 + k - 1. Let p be v(3). What is the highest common factor of p and c?
20
Let f = 391